{"id":25,"date":"2022-04-22T14:02:16","date_gmt":"2022-04-22T12:02:16","guid":{"rendered":"http:\/\/sv-eberfing.de\/wordpress\/gt\/?page_id=25"},"modified":"2022-04-22T14:02:20","modified_gmt":"2022-04-22T12:02:20","slug":"team","status":"publish","type":"page","link":"https:\/\/sv-eberfing.de\/wordpress\/gt\/","title":{"rendered":""},"content":{"rendered":"\n<h3 class=\"wp-block-heading\">Turn- und Bewegungsstunden f\u00fcr Kindergarten<br>und Grundschulkinder<\/h3>\n\n\n\n<figure class=\"wp-block-image size-full is-resized\"><a href=\"https:\/\/sv-eberfing.de\/wordpress\/gt\/files\/2022\/04\/Kinderturnen.png\"><img fetchpriority=\"high\" decoding=\"async\" src=\"https:\/\/sv-eberfing.de\/wordpress\/gt\/files\/2022\/04\/Kinderturnen.png\" alt=\"\" class=\"wp-image-113\" width=\"504\" height=\"226\" srcset=\"https:\/\/sv-eberfing.de\/wordpress\/gt\/files\/2022\/04\/Kinderturnen.png 872w, https:\/\/sv-eberfing.de\/wordpress\/gt\/files\/2022\/04\/Kinderturnen-300x135.png 300w, https:\/\/sv-eberfing.de\/wordpress\/gt\/files\/2022\/04\/Kinderturnen-768x344.png 768w\" sizes=\"(max-width: 504px) 100vw, 504px\" \/><\/a><\/figure>\n\n\n<p>Griasd Eich,<\/p>\n<p>wir sind Martina Bader und Maria Spensberger, die \u00dcbungsleiter der beiden Turnstunden f\u00fcr Kindergartenkinder (ab 4 Jahre) und Grundsch\u00fcler.<\/p>\n<p>Da wir Mamas von jeweils drei Kindern sind, wissen wir, wie sch\u00f6n und wichtig es f\u00fcr sie ist, sich mit an deren zu treffen und sich zu bewegen.<\/p>\n<p>So sind wir auf den Gedanken gekommen, eine Turn-\/ Bewegungsstunde f\u00fcr diese zwei Altersgruppen<br>anzubieten. In unseren Stunden geht es haupts\u00e4chlich darum, sich in irgendeiner Form zu bewegen.<\/p>\n<p>Dabei sind die Kinder ziemlich frei und k\u00f6nnen sich an den aufgebauten Stationen austoben, s\u00e4mtliche Handger\u00e4te wie Rollbretter, Seile, Reifen, B\u00e4lle etc. benutzen, oder auch einfach nur \u201espielen\u201c.<\/p>\n<p>Nach Wunsch und M\u00f6glichkeiten k\u00f6nnen auch durchaus ein paar klassische Turnelemente wie z.B. Rolle, Rad oder Handstand erlernt werden. Bei den gr\u00f6\u00dferen Kindern hat sich herausgestellt, dass Ballspiele wie V\u00f6lker- oder Brennball immer noch hoch im Kurs stehen.<\/p>\n<p>Wichtig ist uns einfach, dass die Kinder zufrieden und gl\u00fccklich nach Hause gehen.<\/p>\n<p>&nbsp;<\/p>\n<p>Wir treffen uns jeweils mittwochs in der Turnhalle im Eberfinger Sportheim:<\/p>\n<p>erste Gruppe ist f\u00fcr <strong>Kindergartenkinder <\/strong>(4 bis 6 Jahre) von<strong> 16:00 bis 17:00 Uhr<\/strong><\/p>\n<p>zweite Gruppe f\u00fcr <strong>Grundsch\u00fcler <\/strong>(1. Bis 4. Klasse) von<strong> 17:00 bis 18:00 Uhr.<\/strong><\/p>\n<p>Bei Interesse k\u00f6nnt ihr Euch gerne bei uns melden.<\/p>\n<p>Maria Spensberger:&nbsp; &nbsp; &nbsp; &nbsp; &nbsp;Tel. 0170 4432928<br>Martina Bader:&nbsp; &nbsp; &nbsp; &nbsp; &nbsp; &nbsp; &nbsp; &nbsp; &nbsp;Tel. 0160 96796228<\/p>\n<p style=\"text-align: center\">ngg_shortcode_0_placeholder<\/p>\n<p style=\"text-align: center\">&nbsp;<\/p>\n<p style=\"text-align: center\">&nbsp;<\/p>","protected":false},"excerpt":{"rendered":"<p>Turn- und Bewegungsstunden f\u00fcr Kindergartenund Grundschulkinder Griasd Eich, wir sind Martina Bader und Maria Spensberger, die \u00dcbungsleiter der beiden Turnstunden<\/p>\n","protected":false},"author":1,"featured_media":0,"parent":0,"menu_order":0,"comment_status":"closed","ping_status":"closed","template":"","meta":{"colormag_page_container_layout":"default_layout","colormag_page_sidebar_layout":"default_layout","ngg_post_thumbnail":0,"footnotes":""},"class_list":["post-25","page","type-page","status-publish","hentry"],"publishpress_future_action":{"enabled":false,"date":"2026-05-06 15:55:41","action":"change-status","newStatus":"draft","terms":[],"taxonomy":"","extraData":[]},"publishpress_future_workflow_manual_trigger":{"enabledWorkflows":[]},"_links":{"self":[{"href":"https:\/\/sv-eberfing.de\/wordpress\/gt\/wp-json\/wp\/v2\/pages\/25","targetHints":{"allow":["GET"]}}],"collection":[{"href":"https:\/\/sv-eberfing.de\/wordpress\/gt\/wp-json\/wp\/v2\/pages"}],"about":[{"href":"https:\/\/sv-eberfing.de\/wordpress\/gt\/wp-json\/wp\/v2\/types\/page"}],"author":[{"embeddable":true,"href":"https:\/\/sv-eberfing.de\/wordpress\/gt\/wp-json\/wp\/v2\/users\/1"}],"replies":[{"embeddable":true,"href":"https:\/\/sv-eberfing.de\/wordpress\/gt\/wp-json\/wp\/v2\/comments?post=25"}],"version-history":[{"count":17,"href":"https:\/\/sv-eberfing.de\/wordpress\/gt\/wp-json\/wp\/v2\/pages\/25\/revisions"}],"predecessor-version":[{"id":118,"href":"https:\/\/sv-eberfing.de\/wordpress\/gt\/wp-json\/wp\/v2\/pages\/25\/revisions\/118"}],"wp:attachment":[{"href":"https:\/\/sv-eberfing.de\/wordpress\/gt\/wp-json\/wp\/v2\/media?parent=25"}],"curies":[{"name":"wp","href":"https:\/\/api.w.org\/{rel}","templated":true}]}}

<h3 class="wp-block-heading">Turn- und Bewegungsstunden für Kindergarten<br>und Grundschulkinder</h3>



<figure class="wp-block-image size-full is-resized"><a href="https://sv-eberfing.de/wordpress/gt/files/2022/04/Kinderturnen.png"><img fetchpriority="high" decoding="async" src="https://sv-eberfing.de/wordpress/gt/files/2022/04/Kinderturnen.png" alt="" class="wp-image-113" width="504" height="226" srcset="https://sv-eberfing.de/wordpress/gt/files/2022/04/Kinderturnen.png 872w, https://sv-eberfing.de/wordpress/gt/files/2022/04/Kinderturnen-300x135.png 300w, https://sv-eberfing.de/wordpress/gt/files/2022/04/Kinderturnen-768x344.png 768w" sizes="(max-width: 504px) 100vw, 504px" /></a></figure>


<p>Griasd Eich,</p>
<p>wir sind Martina Bader und Maria Spensberger, die Übungsleiter der beiden Turnstunden für Kindergartenkinder (ab 4 Jahre) und Grundschüler.</p>
<p>Da wir Mamas von jeweils drei Kindern sind, wissen wir, wie schön und wichtig es für sie ist, sich mit an deren zu treffen und sich zu bewegen.</p>
<p>So sind wir auf den Gedanken gekommen, eine Turn-/ Bewegungsstunde für diese zwei Altersgruppen<br>anzubieten. In unseren Stunden geht es hauptsächlich darum, sich in irgendeiner Form zu bewegen.</p>
<p>Dabei sind die Kinder ziemlich frei und können sich an den aufgebauten Stationen austoben, sämtliche Handgeräte wie Rollbretter, Seile, Reifen, Bälle etc. benutzen, oder auch einfach nur „spielen“.</p>
<p>Nach Wunsch und Möglichkeiten können auch durchaus ein paar klassische Turnelemente wie z.B. Rolle, Rad oder Handstand erlernt werden. Bei den größeren Kindern hat sich herausgestellt, dass Ballspiele wie Völker- oder Brennball immer noch hoch im Kurs stehen.</p>
<p>Wichtig ist uns einfach, dass die Kinder zufrieden und glücklich nach Hause gehen.</p>
<p>&nbsp;</p>
<p>Wir treffen uns jeweils mittwochs in der Turnhalle im Eberfinger Sportheim:</p>
<p>erste Gruppe ist für <strong>Kindergartenkinder </strong>(4 bis 6 Jahre) von<strong> 16:00 bis 17:00 Uhr</strong></p>
<p>zweite Gruppe für <strong>Grundschüler </strong>(1. Bis 4. Klasse) von<strong> 17:00 bis 18:00 Uhr.</strong></p>
<p>Bei Interesse könnt ihr Euch gerne bei uns melden.</p>
<p>Maria Spensberger:&nbsp; &nbsp; &nbsp; &nbsp; &nbsp;Tel. 0170 4432928<br>Martina Bader:&nbsp; &nbsp; &nbsp; &nbsp; &nbsp; &nbsp; &nbsp; &nbsp; &nbsp;Tel. 0160 96796228</p>
<p style="text-align: center">ngg_shortcode_0_placeholder</p>
<p style="text-align: center">&nbsp;</p>
<p style="text-align: center">&nbsp;</p>

<p>Turn- und Bewegungsstunden für Kindergartenund Grundschulkinder Griasd Eich, wir sind Martina Bader und Maria Spensberger, die Übungsleiter der beiden Turnstunden</p>
